ided by 5.
3
What is the remainder when 60838010 is divided by 21?
2
What is the remainder when 86006 is divided by 470?
466
Calculate the remainder when 443931 is divided by 1432.
11
Calculate the remainder when 2070305 is divided by 2764.
69
What is the remainder when 504659 is divided by 910?
519
Calculate the remainder when 112794 is divided by 34.
16
Calculate the remainder when 87576 is divided by 802.
158
What is the remainder when 1302460 is divided by 465?
460
What is the remainder when 22710690 is divided by 398?
14
Calculate the remainder when 417476 is divided by 4071.
2234
Calculate the remainder when 49205458 is divided by 2012.
1998
What is the remainder when 1783689 is divided by 63703?
5
What is the remainder when 17004784 is divided by 61?
58
Calculate the remainder when 230515705 is divided by 98.
7
What is the remainder when 5111572 is divided by 2528?
2484
Calculate the remainder when 1043819 is divided by 175.
119
Calculate the remainder when 18849071 is divided by 1322.
1317
What is the remainder when 3038049 is divided by 3145?
3124
What is the remainder when 1431192 is divided by 205?
87
Calculate the remainder when 239803 is divided by 58988.
3851
Calculate the remainder when 129160 is divided by 10707.
676
What is the remainder when 102690 is divided by 4329?
3123
Calculate the remainder when 121314 is divided by 539.
39
Calculate the remainder when 28206374 is divided by 1044680.
14
Calculate the remainder when 3498864 is divided by 91.
5
What is the remainder when 3006248 is divided by 1002079?
11
What is the remainder when 1937619 is divided by 6897?
6459
What is the remainder when 37437 is divided by 5842?
2385
Calculate the remainder when 479447 is divided by 159265.
1652
What is the remainder when 24533039 is divided by 2040?
2039
Calculate the remainder when 631595 is divided by 330.
305
What is the remainder when 27694213 is divided by 1275?
1213
Calculate the remainder when 23771 is divided by 4024.
3651
Calculate the remainder when 25921 is divided by 11151.
3619
Calculate the remainder when 1399009 is divided by 1305.
49
Calculate the remainder when 942387 is divided by 2581.
322
Calculate the remainder when 35787 is divided by 1325.
12
Calculate the remainder when 14269500 is divided by 22.
14
What is the remainder when 39515 is divided by 7895?
40
Calculate the remainder when 1384206 is divided by 218.
124
What is the remainder when 2020980 is divided by 28?
24
Calculate the remainder when 290253 is divided by 183.
15
What is the remainder when 78362 is divided by 15559?
567
What is the remainder when 6442846 is divided by 272?
254
Calculate the remainder when 2646967 is divided by 46.
35
Calculate the remainder when 41410 is divided by 2546.
674
Calculate the remainder when 296898 is divided by 1304.
890
Calculate the remainder when 2795351 is divided by 46.
23
Calculate the remainder when 125402 is divided by 1347.
131
Calculate the remainder when 3701481 is divided by 3522.
3381
Calculate the remainder when 344281 is divided by 2733.
2656
What is the remainder when 8543480 is divided by 94?
8
Calculate the remainder when 2193032 is divided by 1105.
712
What is the remainder when 7929620 is divided by 434?
6
What is the remainder when 81977 is divided by 3716?
225
What is the remainder when 1075338 is divided by 134373?
354
Calculate the remainder when 29206 is divided by 1142.
656
What is the remainder when 4013490 is divided by 4372?
4366
Calculate the remainder when 5964542 is divided by 38.
24
What is the remainder when 408833 is divided by 11228?
4625
What is the remainder when 23713113 is divided by 158?
157
What is the remainder when 69659082 is divided by 69659066?
16
What is the remainder when 1118212 is divided by 13975?
212
What is the remainder when 25646479 is divided by 2260?
2259
What is the remainder when 3556144 is divided by 131709?
1
Calculate the remainder when 235285538 is divided by 78428512.
2
What is the remainder when 32055721 is divided by 7?
5
What is the remainder when 571301 is divided by 17?
16
What is the remainder when 13311 is divided by 7876?
5435
What is the remainder when 50788 is divided by 12187?
2040
Calculate the remainder when 4681619 is divided by 22.
19
What is the remainder when 87278600 is divided by 906?
902
Calculate the remainder when 5236727 is divided by 14269.
4
What is the remainder when 324242 is divided by 1035?
287
Calculate the remainder when 5428122 is divided by 41429.
923
Calculate the remainder when 1113597 is divided by 198.
45
Calculate the remainder when 22693119 is divided by 1418319.
15
What is the remainder when 21737 is divided by 944?
25
What is the remainder when 1035504 is divided by 4860?
324
Calculate the remainder when 225871498 is divided by 3450.
3448
Calculate the remainder when 3118383 is divided by 28.
23
What is the remainder when 31768343 is divided by 433?
432
Calculate the remainder when 2247549 is divided by 192.
189
What is the remainder when 916961 is divided by 916930?
31
What is the remainder when 8985 is divided by 2903?
276
What is the remainder when 102637 is divided by 25476?
733
What is the remainder when 911030 is divided by 696?
662
What is the remainder when 22662 is divided by 1475?
537
What is the remainder when 43245392 is divided by 485903?
25
Calculate the remainder when 642039 is divided by 23.
17
What is the remainder when 305478 is divided by 61087?
43
Calculate the remainder when 15872261 is divided by 181.
9
What is the remainder when 8348353 is divided by 78?
13
What is the remainder when 2837468 is divided by 945811?
35
What is the remainder when 3556551 is divided by 3807?
813
What is the remainder when 15220064 is divided by 4699?
3
Calculate the remainder when 93929 is divided by 31.
30
What is the remainder when 16183899 is divided by 16183896?
3
Calculate the remainder when 150096 is divided by 4147.
804
What is the remainder when 29223 is divided by 165?
18
Calculate the remainder when 5766828 is divided by 1149.
1146
Calculate the remainder when 117288 is divided by 266.
248
Calculate the remainder when 32744493 is divided by 262.
257
Calculate the remainder when 4139458 is divided by 2592.
34
What is the remainder when 304757 is divided by 1944?
1493
Calculate the remainder when 2859252 is divided by 1227.
342
Calculate the remainder when 485949 is divided by 1097.
1075
Calculate the remainder when 13564288 is divided by 106.
104
What is the remainder when 5708630 is divided by 6073?
10
What is the remainder when 3288210 is divided by 1644099?
12
What is the remainder when 370581195 is divided by 754?
751
What is the remainder when 13323347 is divided by 4441007?
326
Calculate the remainder when 78355 is divided by 147.
4
What is the remainder when 177749 is divided by 88706?
337
What is the remainder when 16159 is divided by 1122?
451
What is the remainder when 1251970 is divided by 273?
265
Calculate the remainder when 494569 is divided by 44958.
31
What is the remainder when 1060948 is divided by 641?
93
Calculate the remainder when 11791959 is divided by 20.
19
Calculate the remainder when 4421495 is divided by 315813.
113
Calculate the remainder when 180898 is divided by 225.
223
What is the remainder when 67587 is divided by 20987?
4626
What is the remainder when 127274241 is divided by 35?
31
Calculate the remainder when 58847591 is divided by 281.
9
Calculate the remainder when 2819182 is divided by 281918.
2
Calculate the remainder when 8030416 is divided by 49878.
58
What is the remainder when 39838 is divided by 4527?
3622
Calculate the remainder when 39969 is divided by 9949.
173
Calculate the remainder when 64932 is divided by 12908.
392
What is the remainder when 123752 is divided by 41230?
62
Calculate the remainder when 3609608 is divided by 1147.
1146
Calculate the remainder when 4665388 is divided by 1166327.
80
What is the remainder when 167823 is divided by 1976?
1839
Calculate the remainder when 32402 is divided by 395.
12
What is the remainder when 3010695 is divided by 3542?
3537
Calculate the remainder when 185542387 is divided by 2769.
4
What is the remainder when 22945002 is divided by 319?
289
What is the remainder when 2865 is divided by 1448?
1417
What is 